s the thousands digit of 8920?
8
What is the units digit of 4?
4
What is the hundreds digit of 1095?
0
What is the hundreds digit of 12943?
9
What is the units digit of 1239?
9
What is the hundreds digit of 5237?
2
What is the units digit of 1194?
4
What is the thousands digit of 3023?
3
What is the units digit of 42918?
8
What is the hundreds digit of 1335?
3
What is the tens digit of 524?
2
What is the units digit of 15089?
9
What is the thousands digit of 12742?
2
What is the tens digit of 50?
5
What is the tens digit of 4138?
3
What is the tens digit of 952?
5
What is the units digit of 38030?
0
What is the thousands digit of 2591?
2
What is the thousands digit of 1095?
1
What is the tens digit of 637?
3
What is the units digit of 7612?
2
What is the units digit of 966?
6
What is the ten thousands digit of 12424?
1
What is the thousands digit of 47073?
7
What is the units digit of 15850?
0
What is the hundreds digit of 12537?
5
What is the units digit of 59389?
9
What is the units digit of 465?
5
What is the hundreds digit of 1603?
6
What is the hundred thousands digit of 143337?
1
What is the units digit of 7022?
2
What is the ten thousands digit of 22792?
2
What is the hundreds digit of 3647?
6
What is the units digit of 2828?
8
What is the thousands digit of 2652?
2
What is the tens digit of 305?
0
What is the units digit of 171?
1
What is the tens digit of 823?
2
What is the ten thousands digit of 23325?
2
What is the tens digit of 25276?
7
What is the tens digit of 587?
8
What is the tens digit of 4348?
4
What is the thousands digit of 1105?
1
What is the units digit of 1538?
8
What is the tens digit of 8014?
1
What is the units digit of 949?
9
What is the units digit of 99?
9
What is the thousands digit of 5272?
5
What is the thousands digit of 62020?
2
What is the thousands digit of 6778?
6
What is the units digit of 30893?
3
What is the units digit of 5842?
2
What is the tens digit of 15570?
7
What is the hundreds digit of 55441?
4
What is the ten thousands digit of 12978?
1
What is the hundreds digit of 2016?
0
What is the hundreds digit of 1771?
7
What is the tens digit of 25683?
8
What is the thousands digit of 10949?
0
What is the tens digit of 8740?
4
What is the hundreds digit of 41157?
1
What is the thousands digit of 3177?
3
What is the tens digit of 876?
7
What is the hundreds digit of 17734?
7
What is the thousands digit of 1415?
1
What is the thousands digit of 91550?
1
What is the thousands digit of 20358?
0
What is the tens digit of 11059?
5
What is the units digit of 155872?
2
What is the tens digit of 81291?
9
What is the units digit of 10023?
3
What is the tens digit of 137?
3
What is the thousands digit of 22230?
2
What is the tens digit of 1228?
2
What is the thousands digit of 198206?
8
What is the units digit of 177?
7
What is the hundreds digit of 349?
3
What is the hundreds digit of 212?
2
What is the units digit of 973?
3
What is the units digit of 11842?
2
What is the thousands digit of 2753?
2
What is the tens digit of 3680?
8
What is the units digit of 2329?
9
What is the units digit of 50425?
5
What is the hundreds digit of 315?
3
What is the tens digit of 3205?
0
What is the units digit of 38047?
7
What is the hundreds digit of 7014?
0
What is the thousands digit of 1197?
1
What is the ten thousands digit of 11101?
1
What is the units digit of 13131?
1
What is the tens digit of 112?
1
What is the thousands digit of 11505?
1
What is the ten thousands digit of 44875?
4
What is the hundreds digit of 4048?
0
What is the ten thousands digit of 106934?
0
What is the hundreds digit of 1693?
6
What is the tens digit of 216?
1
What is the ten thousands digit of 102879?
0
What is the tens digit of 2674?
7
What is the tens digit of 773?
7
What is the tens digit of 4007?
0
What is the thousands digit of 4042?
4
What is the units digit of 1864?
4
What is the tens digit of 771?
7
What is the units digit of 2591?
1
What is the thousands digit of 24766?
4
What is the units digit of 3613?
3
What is the units digit of 4913?
3
What is the units digit of 2960?
0
What is the hundreds digit of 3116?
1
What is the hundreds digit of 996?
9
What is the hundreds digit of 57603?
6
What is the tens digit of 578?
7
What is the hundreds digit of 3631?
6
What is the ten thousands digit of 109185?
0
What is the ten thousands digit of 46263?
4
What is the tens digit of 392?
9
What is the ten thousands digit of 10722?
1
What is the hundreds digit of 334?
3
What is the thousands digit of 16804?
6
What is the ten thousands digit of 24509?
2
What is the tens digit of 16996?
9
What is the ten thousands digit of 13715?
1
What is the hundreds digit of 65214?
2
What is the units digit of 561?
1
What is the hundreds digit of 348?
3
What is the units digit of 20988?
8
What is the hundreds digit of 65766?
7
What is the thousands digit of 2678?
2
What is the tens digit of 254?
5
What is the units digit of 19728?
8
What is the units digit of 13105?
5
What is the tens digit of 42997?
9
What is the hundreds digit of 703?
7
What is the units digit of 81226?
6
What is the tens digit of 2781?
8
What is the thousands digit of 6271?
6
What is the thousands digit of 17180?
7
What is the thousands digit of 5176?
5
What is the thousands digit of 7027?
7
What is the units digit of 3962?
2
What is the tens digit of 718?
1
What is the tens digit of 8719?
1
What is the hundreds digit of 8663?
6
What is the thousands digit of 7251?
7
What is the tens digit of 740?
4
What is the units digit of 330?
0
What is the tens digit of 22980?
8
What is the units digit of 23219?
9
What is the tens digit of 15861?
6
What is the ten thousands digit of 69299?
6
What is the tens digit of 3787?
8
What is the hundreds digit of 691?
6
What is the units digit of 15728?
8
What is the units digit of 5612?
2
What is the thousands digit of 7911?
7
What is the thousands digit of 34345?
4
What is the hundreds digit of 1742?
7
What is the thousands digit of 4390?
4
What is the hundreds digit of 10398?
3
What is the units digit of 11742?
2
What is the thousands digit of 1235?
1
What is the hundreds digit of 2063?
0
What is the tens digit of 757?
5
What is the ten thousands digit of 94660?
9
What is the units digit of 3839?
9
What is the thousands digit of 14843?
4
What is the thousands digit of 1482?
1
What is the tens digit of 2240?
4
What is the hundreds digit of 90105?
1
What is the tens digit of 2468?
6
What is the ten thousands digit of 25573?
2
What is the thousands digit of 47611?
7
What is the ten thousands digit of 25780?
2
What is the hundred thousands digit of 158118?
1
What is the hundreds digit of 1780?
7
What is the ten thousands digit of 18752?
1
What is the tens digit of 44596?
9
What is the hundreds digit of 80584?
5
What is the tens digit of 395?
9
What is the units digit of 19772?
2
What is the hundreds digit of 15325?
3
What is the hundreds digit of 36498?
4
What is the hundreds digit of 9237?
2
What is the hundreds digit of 8131?
1
What is the hundreds digit of 1124?
1
What is the units digit of 7645?
5
What is the hundreds digit of 40969?
9
What is the ten thousands digit of 93514?
9
What is the tens digit of 10451?
5
What is the units digit of 12085?
5
What is the units digit of 268?
8
What is the hundreds digit of 3593?
5
What is the thousands digit of 202427?
2
What is the hundreds digit of 9422?
4
What is the units digit of 7527?
7
What is the hundreds digit of 5060?
0
What is the hundreds digit of 12086?
0
What is the units digit of 737?
7
What is the hundreds digit of 161861?
8
What is the ten thousands digit of 127277?
2
What is the thousands digit of 120897?
0
What is the units digit of 19550?
0
What is the tens digit of 489?
8
What is the hundreds digit of 22209?
2
What is the tens digit of 181030?
3
What is the hundreds digit of 118?
1
What is the thousands digit of 21603?
1
What is the thousands digit of 16972?
6
What is the hundreds digit of 2527?
5
What is the thousands digit of 35138?
5
What is the units digit of 796?
6
What is the thousands digit of 1480?
1
What is the thousands digit of 5887?
5
What is the thousands digit of 5417?
5
What is the hundreds digit of 1433?
4
What is the tens digit of 61880?
8
What is the tens digit of 4803?
0
What is the